- 1 - 2 - 16*h. Let y be u(-3). Let n be ((-63)/14)/(y/4). Calculate k(n).
-7
Let u be (-12)/66 - 92/(-22). Let r(k) be the first derivative of -k**4/4 + 5*k**3/3 - 3*k**2/2 - 4*k - 2. Give r(u).
0
Let o(t) = t - 1. Let k(l) = 6*l - 7. Let i(z) = z - 1. Let q(f) = -4*i(f) + k(f). Let u(a) = -10*o(a) + 4*q(a). Give u(-3).
4
Let l(j) = -12*j + 10*j + 14 + 2 - 7. Calculate l(12).
-15
Let k(n) = -n**2 + 10*n + 6. Let c(v) = v**2 - 10*v - 6. Let w(z) = -4*c(z) - 3*k(z). What is w(10)?
6
Let v be -2 + -2 + 0 + 2. Let o(x) be the first derivative of x**3/3 + 2*x**2 + 2*x - 5. Calculate o(v).
-2
Let i(h) = 2*h - 68. Let k(w) = w - 37. Let v(m) = -6*i(m) + 11*k(m). Let b be ((-6)/7)/((-3)/(-21)). Give v(b).
7
Let w(t) be the second derivative of t**3/6 - t**2/2 - 103*t. What is w(-7)?
-8
Let u(d) be the second derivative of -d**5/20 + d**4/12 + 2*d**3/3 + 2*d**2 - 2*d + 61. Determine u(-2).
8
Let c(m) be the second derivative of -m**6/360 - m**5/30 + 29*m**4/12 + 2*m - 1. Let j(h) be the third derivative of c(h). What is j(5)?
-14
Let j(k) = k**2 + 3*k + 7. Let b be j(0). Let m(s) = -2*s**2 + 10*s + 1. Give m(b).
-27
Suppose 14 = g - 5*i + 3, 5*g + i = 29. Let h(o) = -5*o**2 + 2*o - 2. Let m(c) = -9*c**2 + 3*c - 5. Let y(f) = 11*h(f) - 6*m(f). Give y(g).
-4
Let k(p) = 2*p + 5. Let o(j) = 8*j + 21. Let u(m) = -9*k(m) + 2*o(m). Suppose 14 = -101*d + 103*d. Suppose -2*i - 4*y = d + 13, 4*i = 3*y - 7. Calculate u(i).
5
Suppose h - 19 = -20. Let w(a) = -2*a - 1. What is w(h)?
1
Let s(o) = -3*o**2 - o + 1. Let g(n) = 16*n**2 + 7*n - 5. Let t(u) = 2*g(u) + 11*s(u). Determine t(4).
-3
Let q = -261 + 243. Let m(p) = p**2 + 16*p - 40. Give m(q).
-4
Let g = -47 + 50. Let l(d) = -d**2 + d + 0*d**2 - d**2 + 4 + 2*d. Calculate l(g).
-5
Let o(u) = -3 + 4*u + 0 - 1. Let g(q) = -2*q**3 + 20*q**2 - 22*q + 39. Let d be g(9). Determine o(d).
8
Let p(t) = 2*t**2 - 3*t - 9. Let m(r) = 2*r - 6. Let a = 1 + 4. Let w be m(a). Let x(k) = -3*k**2 + 2*k + 10. Let l(o) = w*p(o) + 3*x(o). Calculate l(-5).
-1
Let l(b) = 2*b**2 - 156 - 156 - b**2 - 8*b**3 + 3*b - 5*b + 313. What is l(1)?
-8
Let w = 4 - -1. Let a(y) = -8*y + 5*y**3 + y**2 + 4*y + w*y - 3. Let b(k) = -9*k**3 - 2*k**2 - 2*k + 6. Let g(v) = -7*a(v) - 4*b(v). Calculate g(0).
-3
Let v(g) = -20*g - 11. Let p(l) be the third derivative of -19*l**4/24 - 3*l**3/2 - 2*l**2 + 2. Let r(k) = -5*p(k) + 4*v(k). Give r(-1).
-14
Let j(w) be the third derivative of -w**5/60 + w**4/3 - 5*w**3/3 - 46*w**2. Determine j(7).
-3
Let z(x) = 2*x - 42*x**2 + 46*x**2 + 0 + 0. Determine z(-2).
12
Let a(v) be the second derivative of 1/6*v**3 + 0 - 7/12*v**4 + 1/2*v**2 + 1/20*v**5 - 14*v. What is a(7)?
8
Let j = 53 - -15. Suppose 2*f + 4*x + j = 0, f + 0*f + 10 = 4*x. Let q = f - -30. Let t(h) = h**3 - 6*h**2 + 7*h - 6. Determine t(q).
-10
Let z(u) = 4*u**2 + u**2 + u**2 + 2 - 7*u**2 + 8*u + 2. Determine z(10).
-16
Let c(u) = -7*u - 2. Let a(v) be the second derivative of -v**4/12 - 4*v**3/3 - 5*v**2/2 - 11*v. Let i be a(-7). Calculate c(i).
-16
Let w(j) be the third derivative of 0 - 1/120*j**6 + 1/6*j**3 + 1/12*j**5 + 0*j + 0*j**4 + 15*j**2. What is w(5)?
1
Let l(p) be the third derivative of -p**4/24 + 11*p**3/6 + 96*p**2. Determine l(10).
1
Let w(o) = o**2 - 6*o - 1. Let i(s) = -s**3 - 3*s**2 + 4*s - 24. Let k be i(-5). What is w(k)?
-1
Let o = -8 + 15. Let v(n) = -o - 16*n - 9*n + 24*n. What is v(-10)?
3
Let y(o) = o**3 + 6*o**2 + 7*o + 7. Let d be 1 + 31 + -2 + (2 - 1). Suppose -32*c + d*c = 5. Determine y(c).
-3
Suppose -4*i - 30 = -14*i. Let s(u) = 6*u - 19. Let v be s(i). Let g(n) = -2*n + 1. Give g(v).
3
Let l(s) be the second derivative of 3/2*s**2 + 6*s + 1/6*s**4 + 0 + s**3. What is l(-4)?
11
Let i(b) = -2*b**3 + b**2. Let g(c) = -3*c**3 + 4*c**2 + 5*c + 4. Let z(y) = g(y) - 2*i(y). Calculate z(-3).
-20
Suppose -4 - 38 = -3*z. Let x = 15 - z. Let y(f) = 6*f. What is y(x)?
6
Let f(i) = 2*i + 4. Let m = -3 + 5. Let g(b) = -22 + 9*b - 12*b**2 + 13*b**2 - m*b. Let o be g(-9). What is f(o)?
-4
Suppose -348 = -8*f - 12. Let x be (f/(-147))/(2/(-14)). Let w(t) = 2*t**3 - 2*t**2 - 2*t. Give w(x).
4
Let g be (-141)/(-45) - 14/105. Let b(h) = -5*h + 3. What is b(g)?
-12
Let v(b) = 11*b + 3. Let d(c) = 2*c + 2. Let s(k) = -5*d(k) + v(k). Determine s(3).
-4
Let s be (-9050)/(-2353) + (12/26)/3. Let b(g) = -7*g**2 + 10*g - 8. Let k(v) = -6*v**2 + 9*v - 7. Let p(u) = -5*b(u) + 6*k(u). What is p(s)?
-2
Let j(d) = -d**3 - 4 + 9 - 4*d**2 + 3*d**2. Suppose 4*r = -2*c + 99 + 37, -c = -2*r - 72. Let t = -70 + c. Calculate j(t).
5
Suppose u - 3*u + 16 = -3*d, -12 = 4*u + 5*d. Suppose -3*i = m, u*m = 4*m + i. Let p(c) = -c - 17. What is p(m)?
-17
Let o(r) = r + 3. Suppose -3*d - 18 = -3. Let c = 1 - d. Let h(k) = k**2 - 8*k + 8. Let l be h(c). Calculate o(l).
-1
Let w(j) = -j**3 + 7*j**2 - j + 17. Suppose q + 8 + 5 = -4*r, 4*q - 4*r = 48. What is w(q)?
10
Let h(v) = v**2 + 4*v - 1. Suppose -22 + 34 = 3*p. Let r be (22/(-2))/((-4)/p). Suppose 9*n - 6 = r*n. What is h(n)?
-4
Let d be ((-2)/3)/((-2)/(-12)). Let a(v) = 4 + 43*v - 83*v + 41*v. Calculate a(d).
0
Let r(o) = -14*o**3 + 46*o**2 - 26*o - 15. Let f(k) = -5*k**3 + 16*k**2 - 9*k - 5. Let p(s) = -11*f(s) + 4*r(s). What is p(7)?
9
Let q(b) be the third derivative of 0 + 0*b - 1/20*b**5 - 24*b**2 - 1/6*b**3 - 1/24*b**4. Let j(i) = i**2 + 4*i + 3. Let x be j(-2). Determine q(x).
-3
Let g(w) = -25202 - w**3 - 5*w**2 + 25201 - 5*w**2 + 10*w. Give g(-11).
10
Let w(n) = 4*n**2 + 30*n - 1. Let x(g) = 4*g**2 + 39*g. Let b(p) = 4*w(p) - 3*x(p). Calculate b(3).
41
Let c(h) be the third derivative of h**6/120 + h**5/12 + h**4/24 + h**3 + 256*h**2. Give c(-6).
-36
Suppose -270 = -18*g - 12*g. Let b(z) = z**3 - 9*z**2 - 2*z - 2. What is b(g)?
-20
Let j(g) = -2*g - 8. Let p = 100 - 97. Suppose 3 + 5 = -2*b - 4*s, -4*s + 22 = -p*b. Give j(b).
4
Let l(i) be the first derivative of i**4/4 - 3*i**3 - 5*i**2 + 5*i + 18. What is l(10)?
5
Let c(k) = -9 - 6 - 9 + 3*k + 5. Determine c(9).
8
Let z(y) = y**3 - y**2 + 1. Let k(u) = 6*u**2 - 1 + 14*u**3 - 19*u**3 - 4 - 2*u. Let d(n) = k(n) + 6*z(n). Let a be (-27)/(-12) - (-2)/(-8). Give d(a).
5
Let d(a) = -4*a**2 - 1. Suppose 0 = -0*o + 6*o. Let m be 31 + 1 + o/4. Let i = -31 + m. What is d(i)?
-5
Let q(g) = g**2 + 24*g + 116. Let h be q(-14). Let n(z) = -z - 25. Calculate n(h).
-1
Let o(n) be the third derivative of n**4/24 + 7*n**3/6 - 4*n**2 + 21. Calculate o(-9).
-2
Let i(d) be the second derivative of 3/4*d**4 + 0*d**3 + 0 + 1/20*d**5 - 6*d + 0*d**2 + 1/720*d**6. Let b(c) be the third derivative of i(c). Calculate b(-3).
3
Suppose -4 = 4*k + 2*i, 2*k - 4 = 3*i + 10. Let o(p) = -2*p**2 + 1 + 6*p + 4*p**2 - 7*p. Give o(k).
2
Let c(l) = 79*l - 80*l - 3 - 4. Let i be (-1)/(-2)*(-8 + 0). Give c(i).
-3
Let d = 3 + -2. Let z(q) = -2 + 7*q + d + 4*q - 10*q. Let i = 1 - -5. What is z(i)?
5
Let s(n) be the first derivative of -n**4/4 - 2*n**3/3 + 3*n**2/2 + n + 21. Let a(g) = g**2 - 8*g - 2. Let y be a(8). Give s(y).
-5
Suppose -547 = -109*o + 107. Let j(g) = -4*g - 2. What is j(o)?
-26
Let r(q) = 3*q - 3. Let n(d) = 5*d - 3. Let x(o) = -4*n(o) + 7*r(o). What is x(13)?
4
Let f be (6 - 1) + (-15)/5. Let q(k) = -2*k - f*k + 2*k + 0*k. What is q(4)?
-8
Let x(w) = -2*w**2 + 4*w - 3. Let k be x(3). Let n = k + 7. Let l(q) = 21*q**3 + q + q**2 - 1 + 0 + 0 - 22*q**3. Give l(n).
9
Suppose 19 - 6 = 13*l. Let a(u) = -2*u - 2. Determine a(l).
-4
Suppose -4*i + i + 5*m + 31 = 0, -5*m = -4*i + 38. Let l(o) be the second derivative of -o**3/2 + 5*o**2 + 5*o. Calculate l(i).
-11
Let p(n) be the second derivative of n**4/6 + 7*n**3/6 - 3*n**2/2 + 404*n. Give p(-7).
46
Let j(a) = -7*a**2 + 2*a + 1. Let r(i) be the second derivative of -i**5/20 - 5*i**4/6 - 23*i**3/6 + 5*i**2/2 + 28*i. Let t be r(-6). What is j(t)?
-8
Let a(k) = k**2 + 9*k - 4. Let o(v) = 45*v - 187. Let q be o(4). Determine a(q).
-18
Let z = -29 - -62. Suppose -z - 17 = -5*k. Let f(t) = -21*t**2 + 12*t**2 + k*t**2. Give f(-1).
1
Let c(f) = 15*f + 118. Let j be c(-8). Let n(d) = -10*d + 1. Determine n(j).
21
Let q(t) = t**3 + 6*t**2 - 7*t + 4. Let d = 671 + -678. Give q(d).
4
Suppose 4*s - 22 = -3*w, 0 = -3*w + 2*s + 3 - 5. Suppose w*l + 45 = -l. Let i be (2/10)/((-3)/l). Let g(c) = -3*c**3 + 2*c**2 - 2*c + 1. Calculate g(i).
-2
L